ulate the greatest common divisor of 464 and 145912688.
464
What is the greatest common divisor of 114903 and 151008076?
12767
Calculate the highest common divisor of 20822025 and 3570.
1785
Calculate the greatest common factor of 1283667 and 264.
33
What is the greatest common divisor of 14040338 and 17590?
3518
Calculate the highest common divisor of 13560192 and 2.
2
What is the greatest common factor of 4589202762 and 18?
18
Calculate the greatest common factor of 172 and 126359112.
172
Calculate the highest common factor of 1480419960 and 152.
152
What is the highest common divisor of 6881457 and 132?
33
Calculate the highest common divisor of 10 and 2758446640.
10
What is the greatest common divisor of 278080 and 12008480?
1760
Calculate the greatest common factor of 334 and 57548.
2
What is the greatest common divisor of 11575207 and 1963?
151
Calculate the greatest common divisor of 833 and 19904977.
17
Calculate the greatest common factor of 20190204 and 369.
369
What is the greatest common divisor of 65794 and 173814?
982
What is the greatest common factor of 1602000 and 9675?
225
Calculate the greatest common factor of 68 and 6980348.
4
What is the greatest common factor of 10268 and 324496?
68
Calculate the greatest common divisor of 480 and 5836620.
60
Calculate the highest common factor of 111 and 174270777.
111
Calculate the highest common factor of 2305356 and 120.
12
Calculate the greatest common factor of 79144792 and 120.
8
What is the highest common divisor of 20245526 and 1225?
49
What is the greatest common divisor of 732 and 37536468?
12
Calculate the highest common factor of 600825464 and 11888.
5944
Calculate the highest common factor of 7160468 and 120037.
5219
Calculate the highest common factor of 1281 and 120358.
7
Calculate the greatest common divisor of 6930242 and 1320.
22
What is the highest common divisor of 3045464 and 232?
232
Calculate the greatest common divisor of 65 and 7511764.
13
Calculate the greatest common factor of 703556 and 1148.
28
What is the highest common divisor of 102 and 907644?
6
Calculate the greatest common factor of 11102 and 84058.
1586
Calculate the greatest common factor of 5913 and 124137.
9
Calculate the greatest common factor of 91 and 118741.
7
What is the highest common divisor of 501724 and 1376?
172
Calculate the highest common divisor of 1365 and 57989022.
273
Calculate the highest common factor of 14 and 77547442.
14
What is the greatest common divisor of 83454 and 318?
6
What is the greatest common factor of 245952 and 12132900?
2196
What is the greatest common divisor of 4 and 65133668?
4
What is the highest common divisor of 2740 and 275328215?
685
Calculate the highest common divisor of 7871 and 177367429.
463
Calculate the greatest common factor of 10000 and 13149375.
625
What is the highest common factor of 29220 and 1815?
15
Calculate the highest common divisor of 2211 and 17941.
11
What is the highest common divisor of 10114065 and 39?
39
What is the highest common divisor of 704 and 67611896?
88
What is the greatest common factor of 490169444 and 9832?
4916
Calculate the greatest common factor of 15 and 51193479.
3
Calculate the greatest common divisor of 71842 and 141610.
34
Calculate the greatest common factor of 12925320 and 298110.
570
Calculate the highest common divisor of 4406234 and 98.
14
Calculate the greatest common factor of 246135 and 361805.
1345
Calculate the greatest common divisor of 7630 and 13596590.
70
What is the highest common factor of 9565192 and 14014?
1274
What is the greatest common factor of 48415375 and 14315?
2045
What is the highest common divisor of 4225476 and 228?
12
Calculate the greatest common divisor of 1020901 and 1288.
161
Calculate the greatest common factor of 3694958 and 20141.
1831
Calculate the highest common factor of 197199194 and 92.
46
What is the greatest common factor of 12365390 and 20083?
2869
What is the highest common factor of 71718600 and 22632?
552
What is the highest common divisor of 586984860 and 18480?
4620
What is the highest common factor of 40642398 and 492?
246
Calculate the highest common factor of 88351051 and 71.
71
What is the highest common factor of 630 and 70731080?
70
Calculate the highest common divisor of 1611586576 and 8.
8
Calculate the highest common factor of 1915105 and 30769.
1061
What is the greatest common divisor of 255 and 215018295?
255
Calculate the greatest common factor of 43 and 22234913.
43
Calculate the highest common factor of 89053740 and 495.
45
What is the greatest common factor of 1197 and 481887?
63
Calculate the greatest common divisor of 3624313 and 73521.
2723
Calculate the greatest common factor of 8833595 and 5.
5
What is the highest common factor of 330085 and 149800?
35
What is the greatest common divisor of 44 and 14252788?
44
Calculate the highest common divisor of 216 and 2725110.
54
Calculate the greatest common divisor of 44981856 and 6.
6
What is the greatest common factor of 216635 and 19339065?
5855
Calculate the greatest common factor of 7896 and 339784.
8
What is the highest common divisor of 3377 and 967357?
307
Calculate the greatest common divisor of 102568 and 232.
8
What is the greatest common divisor of 903280 and 5?
5
Calculate the highest common factor of 35824362 and 63.
21
What is the highest common factor of 18650 and 34270?
10
Calculate the highest common factor of 787545 and 32329.
11
Calculate the highest common factor of 1711171 and 68860.
3443
Calculate the highest common factor of 137790970 and 31.
31
Calculate the greatest common factor of 3180 and 2870060.
20
Calculate the greatest common factor of 2976038 and 11310.
754
Calculate the highest common factor of 16731 and 1921887.
99
What is the highest common divisor of 94 and 95625260?
94
Calculate the greatest common divisor of 2497094 and 133.
19
Calculate the greatest common divisor of 892 and 145654903.
223
Calculate the highest common divisor of 552 and 131743632.
552
Calculate the greatest common factor of 4432931 and 549.
61
Calculate the greatest common factor of 1504 and 3440588.
188
What is the greatest common divisor of 3127575332 and 1498?
1498
Calculate the greatest common divisor of 254257 and 8.
1
Calculate the highest common factor of 118826 and 765214.
106
Calculate the greatest common divisor of 2697 and 176618439.
2697
What is the greatest common factor of 1112032497 and 7521?
7521
Calculate the greatest common factor of 266665608 and 405.
81
What is the highest common divisor of 1109004 and 1612?
52
Calculate the highest common divisor of 76293 and 109123.
49
What is the greatest common divisor of 8597505 and 960?
15
What is the highest common divisor of 229304 and 76?
4
Calculate the highest common factor of 553455 and 21315.
735
What is the highest common divisor of 232683 and 851889?
1923
Calculate the highest common factor of 3915649 and 1336.
167
What is the greatest common factor of 15361104 and 22?
22
Calculate the greatest common factor of 2174592 and 456.
24
Calculate the highest common factor of 7149428 and 222827.
4741
Calculate the greatest common factor of 26 and 32076772.
26
What is the greatest common divisor of 1168795050 and 1535?
1535
What is the greatest common factor of 6522 and 836?
2
What is the greatest common divisor of 295 and 2885?
5
Calculate the highest common divisor of 748 and 17983586.
34
What is the highest common factor of 4053250 and 5950?
50
Calculate the highest common factor of 4669734 and 395011.
3911
Calculate the highest common factor of 16932 and 1803839.
83
Calculate the greatest common divisor of 180 and 7465220.
20
What is the greatest common factor of 15753 and 273111?
177
What is the highest common factor of 2421 and 23724?
9
What is the greatest common divisor of 2 and 53985303?
1
What is the greatest common factor of 6882 and 315018?
222
Calculate the highest common factor of 27337819 and 17.
17
Calculate the greatest common divisor of 3111234057 and 10614.
5307
Calculate the greatest common factor of 490724 and 776.
4
What is the greatest common factor of 111781512 and 216?
216
Calculate the highest common factor of 10 and 292172.
2
Calculate the highest common factor of 6904 and 2792.
8
Calculate the greatest 